ndreds digit of d?
1
Let f(w) = 3*w + 10. Let b be f(-3). Let y = b - -1. Suppose -5*x = -5*o - 250, -3*x - y*x + 268 = o. What is the units digit of x?
3
Let i(g) = g + 5. Let s be i(-3). Suppose -k = q + q + 9, -s*k - 2 = -4*q. What is the units digit of 11/(-2)*(k - 3)?
4
What is the units digit of 613/1 - (0 + 14/7)?
1
Let k(u) = u**3 + 45*u**2 - 123*u - 8. What is the tens digit of k(-47)?
5
Let k(n) = -n**3 - n**2 + 2*n + 4. Let o be k(-3). Let c be 24/o*(-8)/(-6). Suppose -2*g - 166 = -2*r - g, c*g = r - 80. What is the units digit of r?
4
Let n = 1227 - -1624. What is the tens digit of n?
5
Suppose 55*d - 690 = 45*d. What is the tens digit of d?
6
Let p = 72 - 69. What is the tens digit of (p - (-119)/(-35))/(1/(-485))?
9
Let a be (-632)/(-20) + (-4)/(-10). Suppose 3*w + 8 - 27 = -2*r, -10 = -4*w + 5*r. Suppose -a = w*d - 392. What is the units digit of d?
2
Suppose 2*w - 425 = -5*c, -12*w = -17*w - 5*c + 1025. What is the units digit of w?
0
Let k(l) = -l**3 - 5*l**2 + 5*l - 3. Let y be k(-6). Suppose 2*n - 1 = -y. What is the units digit of 2 - (-5*5 + n)?
8
Suppose -m = d - 2*m - 7, -5*m = 10. Suppose -11 = -t - 5*c, -d*t + c = -t - 149. What is the units digit of t?
6
Suppose i + 4*v + 1 = 3, 0 = 4*i - 2*v - 26. Let p = 75 + i. What is the units digit of p?
1
Let x = 671 - 450. What is the units digit of x?
1
Let i = -509 - -1117. Suppose 0*j - 5*y + 171 = j, -4*j - y = -i. What is the hundreds digit of j?
1
Let p(t) = 5*t - 2 + 0 - 5 + t**2 + 2. Let d = -1 + -6. What is the units digit of p(d)?
9
Let y be (1 - 2)/(4/(-64)). Let i = -16 + y. Suppose -3*q + 0*q + 45 = i. What is the units digit of q?
5
Let p(i) = 2*i**2 - 3*i + 5. Let w be p(-10). Let o = w - 163. What is the units digit of o?
2
Let q(n) = 4*n**3 - n**2 + 4*n + 2. Let i(f) = -3*f**3 + 2*f**2 - 3*f - 2. Let u(o) = -5*i(o) - 4*q(o). What is the units digit of u(-8)?
8
Suppose -72*o + 41*o = -38874. What is the thousands digit of o?
1
Let x(t) = 5*t**2 - 2*t**2 - 4*t**2 + t + 4*t + 2. Let j be x(5). Suppose 27 + 5 = j*p. What is the tens digit of p?
1
Suppose a + w + 0*w = 22, 5*w - 38 = -2*a. Let i = -12 + a. Suppose -h - i = -4*h. What is the units digit of h?
4
Suppose 566 = 5*z - 894. Suppose -4*f - 64 + z = 0. What is the units digit of f?
7
Let l(a) = a**2 - 14*a + 12. Let c be l(12). What is the units digit of (-2224)/c - (-2)/(-6)?
5
Suppose 8107 = 30*p - 19*p. What is the units digit of p?
7
Let o = -82 - -86. Suppose -o*m + p + 589 = 139, -5*m + 573 = 4*p. What is the tens digit of m?
1
Let a = -26 + 28. Suppose -5*u - a*c = -658, 3*c - 406 = -3*u - c. What is the hundreds digit of u?
1
Let b(k) be the first derivative of 5*k**4/12 - k**3/6 + 2*k**2 + 3*k + 3. Let x(j) be the first derivative of b(j). What is the units digit of x(4)?
0
Let c(w) be the third derivative of w**5/30 - w**4/8 - 23*w**3/6 + 7*w**2. What is the units digit of c(7)?
4
Let a(y) = 43*y + 70. Let o(t) = 64*t + 106. Let r(f) = -7*a(f) + 5*o(f). What is the units digit of r(9)?
1
Let h(z) = 3*z + 57. Let i be h(-20). What is the tens digit of (i - -2) + 5 + 1 + 105?
1
Suppose 3*z + 1 + 2 = 3*c, 4*z - 2*c - 2 = 0. Suppose z*t - 596 = -t + 5*q, -4*t = 2*q - 760. What is the tens digit of t?
9
Suppose 3*f - 5*r = 1160 + 624, 2*r = 3*f - 1772. What is the hundreds digit of f?
5
Let g = -1360 - -2831. What is the tens digit of g?
7
Let j be ((-21)/(-6) + -4)*4. What is the tens digit of -84*(j + 6/4)?
4
Let o(z) = 46*z + 68. What is the tens digit of o(8)?
3
Suppose 60*c - 65*c = 185. Let p = 56 + c. What is the tens digit of p?
1
Let f(k) = 146*k + 41. What is the units digit of f(1)?
7
Let w(q) = q**2 + 10*q - 4. Let g be w(-11). Let x = -5 - g. What is the tens digit of x*52/24*-3?
7
Let b = 18 + 34. Suppose -r + 19 = -b. What is the units digit of r?
1
Suppose 4*u - 130 = -1026. Let a = 396 + u. What is the hundreds digit of a?
1
Suppose -9 = q - 2. Let k = -19 - q. Let x = k + 37. What is the units digit of x?
5
Let j = -488 - -853. What is the tens digit of j?
6
Let i(d) = 1 + 42 - d + 2 - 24. What is the units digit of i(13)?
8
Let v be 1/3 + 86/(-6). Let a = 45 + v. What is the units digit of a?
1
Suppose -335 + 4085 = 10*m. What is the units digit of m?
5
Suppose -4*f + 9 = 5*t + 3, 5*t + 2*f = 8. Suppose 103 = t*n + 3. What is the units digit of n?
0
Suppose 762 = t - 3*c - 10, 2*t = 3*c + 1541. What is the tens digit of t?
6
Suppose -1594 = -5*k + 2*c, 6*k + 5*c = 10*k - 1265. What is the tens digit of k?
2
Suppose -3*r + 0 = 5*n - 6, n = -4*r + 8. Suppose -6*s + 144 = -n*s. What is the tens digit of s?
2
Suppose 7*k - 12771 - 16769 = 0. What is the hundreds digit of k?
2
Suppose 25103 = 5*t + 4*u, -12097 = -3*t - 4*u + 2968. What is the tens digit of t?
1
Suppose 0 = c - 2*c - 17. Let d = -17 - c. Suppose -r - 3*r + 152 = d. What is the tens digit of r?
3
Suppose -4*o + 1913 - 633 = 0. What is the units digit of o?
0
Suppose 11*y - 5356 = 4665. What is the hundreds digit of y?
9
Let x = 125 + -36. Suppose 171 = 4*t - x. What is the units digit of t?
5
Let k = 1149 - 780. What is the units digit of k?
9
Let k(w) be the third derivative of w**4/3 + w**3/2 - 37*w**2. Suppose 3 + 5 = s. What is the tens digit of k(s)?
6
Let b = 6802 + -4825. What is the thousands digit of b?
1
Let q be ((-100)/15)/((-1)/3). Let r be (56/(-10))/((-2)/q). Let f = 98 - r. What is the tens digit of f?
4
Let v(i) = 103*i**2 + 25*i + 55. What is the hundreds digit of v(-5)?
5
Let l(w) = -w - 2. Let t be l(8). Let b = t + 55. What is the units digit of b?
5
Let h = -2 - -12. Let q(m) = -m**3 + 12*m**2 - 6*m - 3. What is the hundreds digit of q(h)?
1
Let h(k) = 0*k**2 + 19*k - 172 + 170 - k**2. What is the tens digit of h(16)?
4
Let w(i) = i. Let a(q) = 17*q - 5. Let r(j) = a(j) + 2*w(j). What is the units digit of r(2)?
3
Let h be (402/(-12))/(2/(-8)). Let w be 4/10 - (-8)/5. Suppose w*l + h = 4*l. What is the units digit of l?
7
Let y(h) = -h**3 - 9*h**2 - 7*h - 3. Let z be y(-8). Let s = z - -20. Suppose 7*p + 20 = s*p. What is the units digit of p?
0
Suppose 0 = -4*d - 6 + 34. Let b be d*(-1 - 36/(-28)). What is the units digit of ((-35)/b)/7*-10?
5
Let n(d) = -31*d**2 - 3*d + 2. Let c be n(1). Let z = -11 - c. What is the units digit of z?
1
Suppose 3*y + 11 = 47. Suppose -4*w + 4*h + y = -0*w, -13 = -w - 4*h. Let v(l) = 3*l - 4. What is the units digit of v(w)?
1
Let y(b) = b**3 + 8*b**2 + 6*b - 8. Let g be y(-7). Let x(f) = -50*f + 2. Let s be x(g). Let k = s - 13. What is the units digit of k?
9
Let d(o) = o**2 + 5*o - 7. Let w = -20 + 26. What is the units digit of d(w)?
9
Let t(y) = -2*y**3 + 2*y**2 + 2*y - 2. Let q be t(2). Let v be q/(-4) + (-9)/(-18). Suppose v*h = 22 - 4. What is the units digit of h?
9
Suppose -3 - 5 = -4*c. Suppose 5*d + 212 + 5 = 4*g, 0 = -c*g + 5*d + 101. What is the units digit of g?
8
Suppose 2093 = 6*v - 157. What is the tens digit of v?
7
Let v(x) = x**3 + 12*x**2 - 4*x + 24. Let d(s) = -s - 1. Let b(i) = 2*d(i) + v(i). What is the units digit of b(-11)?
9
Let g(w) = 19*w - 6. Let r = 27 - 28. Let l(d) = -d + 1. Let p(h) = r*g(h) - 2*l(h). What is the units digit of p(-2)?
8
Suppose 2*g - 2762 = -188. What is the tens digit of g?
8
Suppose 0 = -5*p + 12 + 3, 4*w = 5*p + 97. Suppose -w = 2*u - 36. What is the units digit of u?
4
Suppose r = -5*f + 223, 4*r + 82 = 3*f - 61. Let w = f + 14. What is the tens digit of w?
5
Suppose 2*f + 4*d + 4 = 0, 5*f + 4*d + 8 - 4 = 0. Let u(x) be the second derivative of x**4/12 + x**3/6 + 12*x**2 - x. What is the tens digit of u(f)?
2
Suppose -46*t - 38*t = -42252. What is the units digit of t?
3
Let h be (3 - (5 - 2)) + -27. Let j be h/(-2) + 18/12. Let o = j + -9. What is the units digit of o?
6
Let h be (-22)/1 - (-6 + 9). Let p = h + 30. Let m(y) = -y**3 + 7*y**2 - 2*y. What is the tens digit of m(p)?
4
Let s = 18 - 15. Suppose -3*i - 18 = s. Let z(t) = -4*t - 10. What is the tens digit of z(i)?
1
Let q be (-4)/(-6) + (-4)/6. Suppose -5*w + 6*w = -u + 14, 3*w + 12 = 0. Let d = u - q. What is the units digit of d?
8
Let j be (0 - 3)/((-498)/(-246) + -2). Let t = 206 + j. What is the tens digit of t?
8
Suppose -30*v + 9 = -33*v. Let y(r) be the first derivative of -15*r**2/2 - 4*r + 5. What is the units digit of y(v)?
1
Suppose 2*p